t is the thousands digit of 195153952?
3
What is the hundred millions digit of 215005998?
2
What is the ten thousands digit of 75681292?
8
What is the hundred thousands digit of 516218509?
2
What is the hundreds digit of 130546873?
8
What is the thousands digit of 58140466?
0
What is the hundred millions digit of 109886289?
1
What is the ten thousands digit of 579015036?
1
What is the millions digit of 3891971025?
1
What is the hundreds digit of 104993837?
8
What is the thousands digit of 119400989?
0
What is the hundred thousands digit of 2118969292?
9
What is the units digit of 59667268?
8
What is the thousands digit of 3430758316?
8
What is the hundred thousands digit of 13768846?
7
What is the millions digit of 797535398?
7
What is the tens digit of 5686331989?
8
What is the ten thousands digit of 4174379?
7
What is the millions digit of 27112728?
7
What is the ten millions digit of 103333575?
0
What is the units digit of 17316943?
3
What is the billions digit of 6752287438?
6
What is the thousands digit of 40171745?
1
What is the ten thousands digit of 40442883?
4
What is the billions digit of 7134947596?
7
What is the hundred thousands digit of 3380051790?
0
What is the billions digit of 2733311669?
2
What is the tens digit of 4192668?
6
What is the ten millions digit of 5303222586?
0
What is the ten thousands digit of 58414632?
1
What is the hundred millions digit of 862430958?
8
What is the hundreds digit of 162878665?
6
What is the hundred thousands digit of 5087732994?
7
What is the millions digit of 4990261?
4
What is the thousands digit of 1557961401?
1
What is the hundreds digit of 34987693?
6
What is the billions digit of 1284392646?
1
What is the millions digit of 177616677?
7
What is the ten thousands digit of 908840564?
4
What is the thousands digit of 335579976?
9
What is the hundred thousands digit of 32486671?
4
What is the ten thousands digit of 1106246?
0
What is the ten millions digit of 226114446?
2
What is the units digit of 2503270605?
5
What is the units digit of 58185989?
9
What is the hundreds digit of 328903554?
5
What is the tens digit of 683624072?
7
What is the billions digit of 2684945342?
2
What is the units digit of 153128631?
1
What is the ten millions digit of 2333597032?
3
What is the hundreds digit of 1528873384?
3
What is the hundred millions digit of 1867973433?
8
What is the hundreds digit of 9780060?
0
What is the tens digit of 35479558?
5
What is the hundred thousands digit of 91554069?
5
What is the hundred thousands digit of 2024035841?
0
What is the hundreds digit of 53415305?
3
What is the hundred thousands digit of 352485137?
4
What is the units digit of 80933257?
7
What is the hundred thousands digit of 721388567?
3
What is the hundreds digit of 527458114?
1
What is the hundreds digit of 150265490?
4
What is the hundred millions digit of 1675944738?
6
What is the hundreds digit of 478032847?
8
What is the ten thousands digit of 580506922?
0
What is the thousands digit of 13053707?
3
What is the hundred thousands digit of 8738020?
7
What is the hundred thousands digit of 664975307?
9
What is the units digit of 66131396?
6
What is the hundreds digit of 91375514?
5
What is the ten thousands digit of 186135431?
3
What is the ten millions digit of 654967420?
5
What is the millions digit of 1350224635?
0
What is the thousands digit of 141992160?
2
What is the thousands digit of 54984668?
4
What is the hundred thousands digit of 721821614?
8
What is the billions digit of 4011673690?
4
What is the thousands digit of 92652547?
2
What is the units digit of 151007346?
6
What is the millions digit of 34649238?
4
What is the thousands digit of 123202300?
2
What is the ten millions digit of 26411175?
2
What is the ten thousands digit of 38247535?
4
What is the tens digit of 276618533?
3
What is the tens digit of 80356928?
2
What is the hundred thousands digit of 9443580?
4
What is the units digit of 23488595?
5
What is the units digit of 34968623?
3
What is the hundreds digit of 865861669?
6
What is the millions digit of 9711747?
9
What is the billions digit of 3963578863?
3
What is the thousands digit of 66934671?
4
What is the hundred thousands digit of 40476291?
4
What is the units digit of 25491239?
9
What is the thousands digit of 355959603?
9
What is the units digit of 100059627?
7
What is the tens digit of 94075616?
1
What is the hundred thousands digit of 4373648087?
6
What is the hundred thousands digit of 86398346?
3
What is the hundreds digit of 476983735?
7
What is the units digit of 151425058?
8
What is the hundred thousands digit of 1264508848?
5
What is the hundreds digit of 2774505036?
0
What is the hundred thousands digit of 137127530?
1
What is the tens digit of 54692211?
1
What is the ten millions digit of 30154225?
3
What is the thousands digit of 44291333?
1
What is the thousands digit of 21537439?
7
What is the millions digit of 130039732?
0
What is the ten millions digit of 71995299?
7
What is the millions digit of 200470770?
0
What is the millions digit of 3207549351?
7
What is the thousands digit of 1064398774?
8
What is the hundred thousands digit of 88721399?
7
What is the units digit of 1929542672?
2
What is the millions digit of 72023455?
2
What is the ten thousands digit of 40273029?
7
What is the hundred millions digit of 1769734648?
7
What is the ten thousands digit of 304522543?
2
What is the hundred millions digit of 374166009?
3
What is the millions digit of 921716820?
1
What is the millions digit of 1377995?
1
What is the tens digit of 166468080?
8
What is the ten thousands digit of 148193197?
9
What is the hundred thousands digit of 149729413?
7
What is the ten thousands digit of 400765789?
6
What is the units digit of 93144318?
8
What is the millions digit of 965183986?
5
What is the thousands digit of 790804212?
4
What is the ten millions digit of 71881450?
7
What is the hundred millions digit of 1171071710?
1
What is the tens digit of 1687831452?
5
What is the thousands digit of 71448573?
8
What is the units digit of 2375378270?
0
What is the thousands digit of 4222941246?
1
What is the thousands digit of 7564046?
4
What is the ten thousands digit of 108623014?
2
What is the ten millions digit of 5906329236?
0
What is the hundreds digit of 1774938752?
7
What is the hundreds digit of 30651564?
5
What is the tens digit of 421900646?
4
What is the millions digit of 3551542591?
1
What is the hundreds digit of 15684020?
0
What is the hundreds digit of 170629308?
3
What is the hundreds digit of 808149656?
6
What is the thousands digit of 1990501448?
1
What is the units digit of 433660165?
5
What is the millions digit of 29526388?
9
What is the ten thousands digit of 3629750983?
5
What is the ten thousands digit of 9893241986?
4
What is the hundred thousands digit of 66685565?
6
What is the hundreds digit of 2933089901?
9
What is the thousands digit of 3537760956?
0
What is the hundreds digit of 1711907430?
4
What is the ten thousands digit of 1247170014?
7
What is the ten millions digit of 5502176733?
0
What is the millions digit of 786794108?
6
What is the millions digit of 88182984?
8
What is the hundred thousands digit of 14216836?
2
What is the ten millions digit of 61302731?
6
What is the tens digit of 69909432?
3
What is the ten thousands digit of 106999253?
9
What is the ten thousands digit of 1563708668?
0
What is the millions digit of 14618375?
4
What is the hundred millions digit of 367558358?
3
What is the thousands digit of 3904202508?
2
What is the units digit of 115623766?
6
What is the billions digit of 2551696638?
2
What is the ten thousands digit of 74078148?
7
What is the thousands digit of 110304119?
4
What is the hundred thousands digit of 85572727?
5
What is the units digit of 448289174?
4
What is the units digit of 246957622?
2
What is the ten thousands digit of 29786560?
8
What is the hundred millions digit of 5702919697?
7
What is the tens digit of 104649892?
9
What is the ten millions digit of 925254187?
2
What is the millions digit of 84966486?
4
What is the thousands digit of 1222323310?
3
What is the ten millions digit of 39549085?
3
What is the millions digit of 3420927593?
0
What is the tens digit of 392486390?
9
What is the tens digit of 